[INFO] cloning repository https://github.com/steamroller-airmash/airmash-server
[INFO] running `Command { std: "git" "-c" "credential.helper=" "-c" "credential.helper=/workspace/cargo-home/bin/git-credential-null" "clone" "--bare" "https://github.com/steamroller-airmash/airmash-server" "/workspace/cache/git-repos/https%3A%2F%2Fgithub.com%2Fsteamroller-airmash%2Fairmash-server", kill_on_drop: false }`
[INFO] [stderr] Cloning into bare repository '/workspace/cache/git-repos/https%3A%2F%2Fgithub.com%2Fsteamroller-airmash%2Fairmash-server'...
[INFO] running `Command { std: "git" "rev-parse" "HEAD", kill_on_drop: false }`
[INFO] [stdout] 24a138cbd4ea58135104fb73bce59ba5bbd0af98
[INFO] building steamroller-airmash/airmash-server against master#ff34b919075f35a1787659e9c448a34b06bab8de for issue-85264
[INFO] running `Command { std: "git" "clone" "/workspace/cache/git-repos/https%3A%2F%2Fgithub.com%2Fsteamroller-airmash%2Fairmash-server" "/workspace/builds/worker-9/source", kill_on_drop: false }`
[INFO] [stderr] Cloning into '/workspace/builds/worker-9/source'...
[INFO] [stderr] done.
[INFO] validating manifest of git repo https://github.com/steamroller-airmash/airmash-server on toolchain ff34b919075f35a1787659e9c448a34b06bab8de
[INFO] running `Command { std: "/workspace/cargo-home/bin/cargo" "+ff34b919075f35a1787659e9c448a34b06bab8de" "metadata" "--manifest-path" "Cargo.toml" "--no-deps", kill_on_drop: false }`
[INFO] started tweaking git repo https://github.com/steamroller-airmash/airmash-server
[INFO] finished tweaking git repo https://github.com/steamroller-airmash/airmash-server
[INFO] tweaked toml for git repo https://github.com/steamroller-airmash/airmash-server written to /workspace/builds/worker-9/source/Cargo.toml
[INFO] crate git repo https://github.com/steamroller-airmash/airmash-server already has a lockfile, it will not be regenerated
[INFO] running `Command { std: "/workspace/cargo-home/bin/cargo" "+ff34b919075f35a1787659e9c448a34b06bab8de" "fetch" "--manifest-path" "Cargo.toml", kill_on_drop: false }`
[INFO] running `Command { std: "docker" "create" "-v" "/var/lib/crater-agent-workspace/builds/worker-9/target:/opt/rustwide/target:rw,Z" "-v" "/var/lib/crater-agent-workspace/builds/worker-9/source:/opt/rustwide/workdir:ro,Z" "-v" "/var/lib/crater-agent-workspace/cargo-home:/opt/rustwide/cargo-home:ro,Z" "-v" "/var/lib/crater-agent-workspace/rustup-home:/opt/rustwide/rustup-home:ro,Z" "-e" "SOURCE_DIR=/opt/rustwide/workdir" "-e" "CARGO_TARGET_DIR=/opt/rustwide/target" "-e" "CARGO_HOME=/opt/rustwide/cargo-home" "-e" "RUSTUP_HOME=/opt/rustwide/rustup-home" "-w" "/opt/rustwide/workdir" "-m" "1610612736" "--user" "0:0" "--network" "none" "ghcr.io/rust-lang/crates-build-env/linux@sha256:20528e8c29e4536546f0102ce88568b16ea7538393a33fcca951030f7af10457" "/opt/rustwide/cargo-home/bin/cargo" "+ff34b919075f35a1787659e9c448a34b06bab8de" "metadata" "--no-deps" "--format-version=1", kill_on_drop: false }`
[INFO] [stdout] ed58b19b61939162ea1030374290de5040091aef674012fec754c7e7a60cf087
[INFO] [stderr] WARNING: Your kernel does not support swap limit capabilities or the cgroup is not mounted. Memory limited without swap.
[INFO] running `Command { std: "docker" "start" "-a" "ed58b19b61939162ea1030374290de5040091aef674012fec754c7e7a60cf087", kill_on_drop: false }`
[INFO] running `Command { std: "docker" "inspect" "ed58b19b61939162ea1030374290de5040091aef674012fec754c7e7a60cf087", kill_on_drop: false }`
[INFO] running `Command { std: "docker" "rm" "-f" "ed58b19b61939162ea1030374290de5040091aef674012fec754c7e7a60cf087", kill_on_drop: false }`
[INFO] [stdout] ed58b19b61939162ea1030374290de5040091aef674012fec754c7e7a60cf087
[INFO] running `Command { std: "docker" "create" "-v" "/var/lib/crater-agent-workspace/builds/worker-9/target:/opt/rustwide/target:rw,Z" "-v" "/var/lib/crater-agent-workspace/builds/worker-9/source:/opt/rustwide/workdir:ro,Z" "-v" "/var/lib/crater-agent-workspace/cargo-home:/opt/rustwide/cargo-home:ro,Z" "-v" "/var/lib/crater-agent-workspace/rustup-home:/opt/rustwide/rustup-home:ro,Z" "-e" "SOURCE_DIR=/opt/rustwide/workdir" "-e" "CARGO_TARGET_DIR=/opt/rustwide/target" "-e" "CARGO_INCREMENTAL=0" "-e" "RUST_BACKTRACE=full" "-e" "RUSTFLAGS=--cap-lints=forbid" "-e" "CARGO_HOME=/opt/rustwide/cargo-home" "-e" "RUSTUP_HOME=/opt/rustwide/rustup-home" "-w" "/opt/rustwide/workdir" "-m" "1610612736" "--user" "0:0" "--network" "none" "ghcr.io/rust-lang/crates-build-env/linux@sha256:20528e8c29e4536546f0102ce88568b16ea7538393a33fcca951030f7af10457" "/opt/rustwide/cargo-home/bin/cargo" "+ff34b919075f35a1787659e9c448a34b06bab8de" "build" "--frozen" "--message-format=json", kill_on_drop: false }`
[INFO] [stdout] d9a012da50bf0bf9de943c73b25af78f9864084d5489a953b49afe01bf930ed1
[INFO] [stderr] WARNING: Your kernel does not support swap limit capabilities or the cgroup is not mounted. Memory limited without swap.
[INFO] running `Command { std: "docker" "start" "-a" "d9a012da50bf0bf9de943c73b25af78f9864084d5489a953b49afe01bf930ed1", kill_on_drop: false }`
[INFO] [stderr]    Compiling libc v0.2.61
[INFO] [stderr]    Compiling cfg-if v0.1.9
[INFO] [stderr]    Compiling semver-parser v0.7.0
[INFO] [stderr]    Compiling rand_core v0.4.2
[INFO] [stderr]    Compiling proc-macro2 v0.4.30
[INFO] [stderr]    Compiling arrayvec v0.4.11
[INFO] [stderr]    Compiling syn v0.15.44
[INFO] [stderr]    Compiling nodrop v0.1.13
[INFO] [stderr]    Compiling smallvec v0.6.10
[INFO] [stderr]    Compiling proc-macro2 v1.0.0
[INFO] [stderr]    Compiling byteorder v1.3.2
[INFO] [stderr]    Compiling typenum v1.10.0
[INFO] [stderr]    Compiling scopeguard v0.3.3
[INFO] [stderr]    Compiling syn v1.0.1
[INFO] [stderr]    Compiling scopeguard v1.0.0
[INFO] [stderr]    Compiling serde v1.0.98
[INFO] [stderr]    Compiling stable_deref_trait v1.1.1
[INFO] [stderr]    Compiling log v0.4.8
[INFO] [stderr]    Compiling ppv-lite86 v0.2.5
[INFO] [stderr]    Compiling crossbeam-utils v0.5.0
[INFO] [stderr]    Compiling ryu v1.0.0
[INFO] [stderr]    Compiling nonzero_signed v1.0.3
[INFO] [stderr]    Compiling unicode-xid v0.0.4
[INFO] [stderr]    Compiling quote v0.3.15
[INFO] [stderr]    Compiling dimensioned v0.7.0
[INFO] [stderr]    Compiling matches v0.1.8
[INFO] [stderr]    Compiling mopa v0.2.2
[INFO] [stderr]    Compiling httparse v1.3.4
[INFO] [stderr]    Compiling shrev v1.1.1
[INFO] [stderr]    Compiling tuple_utils v0.2.0
[INFO] [stderr]    Compiling itoa v0.4.4
[INFO] [stderr]    Compiling memchr v2.2.1
[INFO] [stderr]    Compiling percent-encoding v1.0.1
[INFO] [stderr]    Compiling sha1 v0.6.0
[INFO] [stderr]    Compiling bitflags v1.1.0
[INFO] [stderr]    Compiling htmlescape v0.3.1
[INFO] [stderr]    Compiling quick-error v1.2.2
[INFO] [stderr]    Compiling regex-syntax v0.6.11
[INFO] [stderr]    Compiling pdqselect v0.1.0
[INFO] [stderr]    Compiling hashbrown v0.5.0
[INFO] [stderr]    Compiling bounded-queue v0.0.1 (/opt/rustwide/workdir/bounded-queue)
[INFO] [stderr]    Compiling unicode-width v0.1.5
[INFO] [stderr]    Compiling termcolor v1.0.5
[INFO] [stderr]    Compiling vec_map v0.8.1
[INFO] [stderr]    Compiling block-padding v0.1.4
[INFO] [stderr]    Compiling hashbrown v0.6.0
[INFO] [stderr]    Compiling crossbeam-utils v0.6.6
[INFO] [stderr]    Compiling owning_ref v0.4.0
[INFO] [stderr]    Compiling unicode-bidi v0.3.4
[INFO] [stderr]    Compiling synom v0.11.3
[INFO] [stderr]    Compiling uuid v0.7.4
[INFO] [stderr]    Compiling humantime v1.2.0
[INFO] [stderr]    Compiling unicode-normalization v0.1.8
[INFO] [stderr]    Compiling textwrap v0.11.0
[INFO] [stderr]    Compiling rand_core v0.3.1
[INFO] [stderr]    Compiling rand_jitter v0.1.4
[INFO] [stderr]    Compiling semver v0.9.0
[INFO] [stderr]    Compiling c2-chacha v0.2.2
[INFO] [stderr]    Compiling rand_pcg v0.1.2
[INFO] [stderr]    Compiling lock_api v0.1.5
[INFO] [stderr]    Compiling syn v0.11.11
[INFO] [stderr]    Compiling rand_xorshift v0.1.1
[INFO] [stderr]    Compiling rand_chacha v0.1.1
[INFO] [stderr]    Compiling rand_isaac v0.1.1
[INFO] [stderr]    Compiling rand_hc v0.1.0
[INFO] [stderr]    Compiling crossbeam-queue v0.1.2
[INFO] [stderr]    Compiling rustc_version v0.2.3
[INFO] [stderr]    Compiling quote v0.6.13
[INFO] [stderr]    Compiling fxhash v0.2.1
[INFO] [stderr]    Compiling crossbeam-epoch v0.5.2
[INFO] [stderr]    Compiling crossbeam-epoch v0.6.1
[INFO] [stderr]    Compiling memoffset v0.5.1
[INFO] [stderr]    Compiling parking_lot_core v0.3.1
[INFO] [stderr]    Compiling parking_lot_core v0.4.0
[INFO] [stderr]    Compiling getrandom v0.1.8
[INFO] [stderr]    Compiling num_cpus v1.10.1
[INFO] [stderr]    Compiling rand v0.5.6
[INFO] [stderr]    Compiling iovec v0.1.2
[INFO] [stderr]    Compiling rand_os v0.1.3
[INFO] [stderr]    Compiling net2 v0.2.33
[INFO] [stderr]    Compiling rand v0.4.6
[INFO] [stderr]    Compiling atty v0.2.13
[INFO] [stderr]    Compiling quote v1.0.0
[INFO] [stderr]    Compiling bytes v0.4.12
[INFO] [stderr]    Compiling clap v2.33.0
[INFO] [stderr]    Compiling rand v0.6.5
[INFO] [stderr]    Compiling aho-corasick v0.7.6
[INFO] [stderr]    Compiling idna v0.1.5
[INFO] [stderr]    Compiling rand_core v0.5.0
[INFO] [stderr]    Compiling crossbeam-deque v0.5.2
[INFO] [stderr]    Compiling mio v0.6.19
[INFO] [stderr]    Compiling crossbeam-epoch v0.7.2
[INFO] [stderr]    Compiling generic-array v0.12.3
[INFO] [stderr]    Compiling generic-array v0.11.1
[INFO] [stderr]    Compiling rand_chacha v0.2.1
[INFO] [stderr]    Compiling digest v0.8.1
[INFO] [stderr]    Compiling block-buffer v0.7.3
[INFO] [stderr]    Compiling rand v0.7.0
[INFO] [stderr]    Compiling sha-1 v0.8.1
[INFO] [stderr]    Compiling url v1.7.2
[INFO] [stderr]    Compiling crossbeam-deque v0.6.3
[INFO] [stderr]    Compiling rayon-core v1.5.0
[INFO] [stderr]    Compiling regex v1.2.1
[INFO] [stderr]    Compiling enum-primitive-derive v0.1.2
[INFO] [stderr]    Compiling mio-extras v2.0.5
[INFO] [stderr]    Compiling parking_lot v0.6.4
[INFO] [stderr]    Compiling ws v0.8.1
[INFO] [stderr]    Compiling parking_lot v0.7.1
[INFO] [stderr]    Compiling crossbeam-channel v0.2.6
[INFO] [stderr]    Compiling rayon v1.1.0
[INFO] [stderr]    Compiling env_logger v0.6.2
[INFO] [stderr]    Compiling crossbeam v0.4.1
[INFO] [stderr]    Compiling proc-macro-hack v0.5.9
[INFO] [stderr]    Compiling shred v0.7.2
[INFO] [stderr]    Compiling hibitset v0.5.4
[INFO] [stderr]    Compiling const-random-macro v0.1.6
[INFO] [stderr]    Compiling const-random v0.1.6
[INFO] [stderr]    Compiling ahash v0.2.12
[INFO] [stderr]    Compiling special-map v0.1.0 (/opt/rustwide/workdir/special-map)
[INFO] [stderr]    Compiling serde_derive v1.0.98
[INFO] [stderr]    Compiling derivative v1.0.2
[INFO] [stderr]    Compiling shred-derive v0.5.1
[INFO] [stderr]    Compiling specs-derive v0.4.0
[INFO] [stderr]    Compiling derive_more v0.13.0
[INFO] [stderr]    Compiling specs v0.14.3
[INFO] [stderr]    Compiling toml v0.5.3
[INFO] [stderr]    Compiling serde_json v1.0.40
[INFO] [stderr]    Compiling airmash-protocol v0.3.0 (https://github.com/steamroller-airmash/airmash-protocol-rs#15977f39)
[INFO] [stdout] error[E0557]: feature has been removed
[INFO] [stdout]  --> /opt/rustwide/cargo-home/git/checkouts/airmash-protocol-rs-d2c7e7c6af35bb4f/15977f3/src/lib.rs:1:12
[INFO] [stdout]   |
[INFO] [stdout] 1 | #![feature(optin_builtin_traits)]
[INFO] [stdout]   |            ^^^^^^^^^^^^^^^^^^^^ feature has been removed
[INFO] [stdout]   |
[INFO] [stdout]   = note: renamed to `auto_traits`
[INFO] [stdout] 
[INFO] [stdout] 
[INFO] [stderr]    Compiling proc-macro-crate v0.1.4
[INFO] [stderr]    Compiling serde-deserialize-over-derive v0.1.0 (https://github.com/steamroller-airmash/serde-deserialize-over#789ef99b)
[INFO] [stdout] error[E0658]: auto traits are experimental and possibly buggy
[INFO] [stdout]   --> /opt/rustwide/cargo-home/git/checkouts/airmash-protocol-rs-d2c7e7c6af35bb4f/15977f3/src/types/vector2.rs:15:1
[INFO] [stdout]    |
[INFO] [stdout] 15 | pub auto trait NotVec {}
[INFO] [stdout]    | ^^^^^^^^^^^^^^^^^^^^^^^^
[INFO] [stdout]    |
[INFO] [stdout]    = note: see issue #13231 <https://github.com/rust-lang/rust/issues/13231> for more information
[INFO] [stdout]    = help: add `#![feature(auto_traits)]` to the crate attributes to enable
[INFO] [stdout] 
[INFO] [stdout] 
[INFO] [stdout] error[E0658]: negative trait bounds are not yet fully implemented; use marker types for now
[INFO] [stdout]   --> /opt/rustwide/cargo-home/git/checkouts/airmash-protocol-rs-d2c7e7c6af35bb4f/15977f3/src/types/vector2.rs:16:9
[INFO] [stdout]    |
[INFO] [stdout] 16 | impl<T> !NotVec for Vector2<T> {}
[INFO] [stdout]    |         ^^^^^^^
[INFO] [stdout]    |
[INFO] [stdout]    = note: see issue #68318 <https://github.com/rust-lang/rust/issues/68318> for more information
[INFO] [stdout]    = help: add `#![feature(negative_impls)]` to the crate attributes to enable
[INFO] [stdout] 
[INFO] [stdout] 
[INFO] [stderr]    Compiling serde-deserialize-over v0.1.0 (https://github.com/steamroller-airmash/serde-deserialize-over#789ef99b)
[INFO] [stdout] error: aborting due to 3 previous errors
[INFO] [stdout] 
[INFO] [stdout] 
[INFO] [stdout] Some errors have detailed explanations: E0557, E0658.
[INFO] [stdout] 
[INFO] [stdout] For more information about an error, try `rustc --explain E0557`.
[INFO] [stdout] 
[INFO] [stderr] error: could not compile `airmash-protocol`
[INFO] [stderr] 
[INFO] [stderr] To learn more, run the command again with --verbose.
[INFO] running `Command { std: "docker" "inspect" "d9a012da50bf0bf9de943c73b25af78f9864084d5489a953b49afe01bf930ed1", kill_on_drop: false }`
[INFO] running `Command { std: "docker" "rm" "-f" "d9a012da50bf0bf9de943c73b25af78f9864084d5489a953b49afe01bf930ed1", kill_on_drop: false }`
[INFO] [stdout] d9a012da50bf0bf9de943c73b25af78f9864084d5489a953b49afe01bf930ed1
